+ 11 = -3*l. Let o(x) = -3*x**2. What is o(c)?
-12
Let x(z) = z - 2. Let j be x(0). Let c(a) = 15*a - 9. Let k(h) = -16*h + 11. Let o(r) = 7*c(r) + 6*k(r). What is o(j)?
-15
Let v(k) = -k**3 - 5*k**2 - 1. Suppose -49*d + 66 = -48*d. Let z be 22/d + 24/(-9)*2. Calculate v(z).
-1
Suppose -150*s + 24*s = 378. Let j(c) = -20*c - 65. Determine j(s).
-5
Let l(p) = p**2 + 5*p + 3. Let u(d) = d**2 - 3*d - 4. Let s = -22 - -26. Let o be u(s). Suppose o*c - 2*c = 8. Give l(c).
-1
Let y(p) be the second derivative of 0 - 1/2*p**2 + 1/3*p**3 + 11/20*p**5 - 1/12*p**4 + 5*p. Let b(d) = -184*d - 367. Let r be b(-2). What is y(r)?
11
Suppose 89*u + 744 = 32. Let g(b) = b**2 + 61 + 61 - 126 + 11*b. Determine g(u).
-28
Let v(k) be the second derivative of k**7/2520 + k**6/120 + k**5/120 - 23*k**4/12 - k - 6. Let n(j) be the third derivative of v(j). What is n(-6)?
1
Let r(s) = -730 + 14*s - 9*s + 718 + s**3 - 16*s**2. Give r(16).
68
Let p be 18/1 - 10 - -9. Let n(j) = 24*j - 27*j - p*j**2 + 15*j**2 - 3. Suppose -5*s = -2*l - 21, l + 0*l = 2*s - 9. Calculate n(l).
-12
Let d(o) = o + 1. Suppose 4*h - 45 = -5*j, 3*h + 4*j = -0*j + 35. Let p be (99/6)/((15/6)/h). Let i = p + -40. What is d(i)?
-6
Let n(g) = 11*g**3 + 15*g**2 - 83*g + 20. Let k(p) = -4*p**3 - 5*p**2 + 29*p - 7. Let m(y) = 17*k(y) + 6*n(y). What is m(2)?
-5
Let k(q) = -11*q**2 + 4. Suppose 84*y = -4*u + 83*y - 11, -4*u - 17 = 3*y. What is k(u)?
-40
Let g(q) = 121*q**2 - 2*q - 7. Let l be g(-2). Suppose 0 = 6*w - 59 - l. Suppose 27 = 7*n + w. Let m(k) = k**3 + 10*k**2 + 10*k + 8. Calculate m(n).
-1
Let v(d) = 54*d**3 + 14*d**2 + 9*d - 58. Let h(t) = 19*t**3 + 5*t**2 + 3*t - 18. Let f(y) = -17*h(y) + 6*v(y). Calculate f(0).
-42
Let z(j) be the third derivative of j**4/12 - 9*j**3 - 1211*j**2. Give z(17).
-20
Let w(r) = -7*r + 4. Let l(p) = -10*p + 6. Let m(f) = -5*l(f) + 7*w(f). Let y = -1809 - -1814. Suppose y*g - 4*b + 34 = 0, -b - 13 = 2*g - 2*b. Give m(g).
-8
Suppose v = 2*j - 98, -2*v + 3*v + 248 = 5*j. Let y(z) = z**2 + 2*z**2 - 3 - 4*z**2 - 53*z + j*z. Let s be 3/(-9)*-3 - 4. What is y(s)?
-3
Let x(b) = -4*b**2 + 36*b - 9. Let s(y) = 8*y**2 - 71*y + 19. Let t(f) = 6*s(f) + 11*x(f). Let z be t(7). Let r(k) = 6*k**2 - 2*k + 1. What is r(z)?
5
Let y(j) be the first derivative of -13*j**2 - 139*j + 7559. What is y(-5)?
-9
Let p(g) = -2*g**2 - g - 3. Let h = 892 + -887. Give p(h).
-58
Let s(l) = 3*l**2 - 27. Let m(j) = -1. Let o(u) = 3*m(u) - s(u). Give o(0).
24
Let p(n) = n**3 + 58*n**2 + 59*n + 124. Let z be p(-57). Let l(k) = 2*k**2 - 25*k + 42. What is l(z)?
-8
Let b(l) = l**2 + 7*l + 7. Let h(c) = 6*c**2 - 39*c + 4. Let d be h(7). Suppose -201*i - d = -196*i. Calculate b(i).
-3
Let j(t) = t**3 + t**2 + t - 1. Let l = 14 + -18. Let f(w) = -3*w**3 - 4*w**2 - 3*w + 5. Let b(q) = l*j(q) - f(q). What is b(2)?
-11
Let y(t) = 2*t + 0 - 9*t**2 + 19*t**2 + 3*t - 3*t**2 + t**3 - 3. Suppose 4*r + 0*r - 10 = 2*a, -2*a = -r + 10. Give y(a).
22
Let o(x) = -6*x + 1. Suppose 59*q = 61*q. Suppose q = -2*j - k + 2, 3*k = -3*j + k + 3. Determine o(j).
-5
Suppose 53 = 10*b + 23. Suppose 15*z - 11*z = b*n - 29, -4*z - 8 = 0. Let v(p) = 2*p**2 - 16*p + 5. Give v(n).
-9
Let r(g) = -g**2. Let j be r(-3). Let n(p) be the second derivative of 1/12*p**4 + 0 - 5/2*p**2 + 3/2*p**3 - 27*p. Calculate n(j).
-5
Let n(z) = -11*z**2 + 4*z**2 + 117*z - 98*z + 6*z**2 + 5 + 6. Determine n(14).
81
Let u = -84 + 106. Let x(s) = -14*s - 9*s + u*s. Let n(z) = -z**3 + z - 6. Let v be n(0). Calculate x(v).
6
Suppose 2*c = 20 + 46. Suppose -2*f + 2*s + 4 = 0, -4*f + 86 = 5*s + c. Let a(z) = -20 + 84 - 26 - 32 - z. Calculate a(f).
-1
Let x = 40 + -40. Let p be (-12)/(-2) + -5 - (-1 - x). Let d(h) = -2*h**3 + 4*h**3 - 8*h**3 - h**p. What is d(-1)?
5
Suppose -15*q + 141 = -144. Let s(v) = -v**3 + 20*v**2 - 21*v + 3. Give s(q).
-35
Let j(n) be the third derivative of -n**5/15 + 91*n**4/24 + 10*n**3/3 + 3*n**2 + 11*n + 2. Calculate j(23).
-3
Let v(y) be the third derivative of y**6/60 - 7*y**5/15 + 9*y**4/8 - 4*y**3/3 - 159*y**2. Let o be v(13). Let i(z) = -3 + 4 + 6 - 2*z + z. Determine i(o).
2
Let l(g) = 3*g**2 - 47*g - 7. Let z be l(16). Let m(k) = -k**2 + 16*k - 59. Let q be m(z). Let n(x) = 2*x - 12. Determine n(q).
-4
Let g(u) = -14*u**2 - 497*u + 239*u + 233*u - 3 + 10*u**2. Calculate g(-6).
3
Let n(l) = 2*l**2 - 14*l + 17. Let b be 13 + 1 + (22 - 21)*3*-2. Calculate n(b).
33
Let q(x) = -6*x**3 + 2*x**2 + 84*x + 81. Let t be q(-1). Let o(p) = -2*p**2 + 10*p - 4. Give o(t).
-4
Let a(y) = -y - 2. Let r(d) = d - 4 - 3*d + 7*d - 4 - 9*d. Let l(k) = -9*a(k) + 2*r(k). Let b = -12 + 7. Determine l(b).
-3
Suppose -3*k + 185 = 2*p + 13, 2*k = 2*p - 162. Let d = p + -45. Let l(s) = -3*s - d + 2*s + 34 + 0*s. Calculate l(0).
-4
Let j(t) = -10*t**3 + 27*t**2 + 60*t - 77. Let n(s) = -3*s**3 + 9*s**2 + 19*s - 24. Let h(b) = -2*j(b) + 7*n(b). Give h(10).
16
Suppose 5*m = 2*x - 90, 5*x - 144 = -m + 81. Suppose 2*i + 13*i = x. Let j(s) = 2*s + 4. Calculate j(i).
10
Let n(s) = 4*s - 1. Let z be (-100)/(-10)*4/8. Let k be 6/12*(-3 + z). Determine n(k).
3
Let y = 2 + -1. Let z = -1554 - -1557. Suppose 4*q = y + z. Let s(m) = -6*m**3 + 2*m**2 - m. Calculate s(q).
-5
Let f(y) be the second derivative of 11*y - 7/2*y**3 + 1/120*y**5 + 0*y**2 - 1/12*y**4 + 0. Let k(o) be the second derivative of f(o). Calculate k(4).
2
Let p(m) be the first derivative of m**2/2 - 8*m - 49. Let s = 409 + -405. What is p(s)?
-4
Let x be 160/10 - 17 - 17. Let m(l) = 4*l**2 + 74*l + 28. Give m(x).
-8
Let w(b) = -47*b + 3674. Let g be w(78). Let r(n) = -3*n**3 + 6*n**2 - 2*n - 9. Let z(x) = -x**3 - x**2 - x. Let c(q) = r(q) - 2*z(q). Determine c(g).
-9
Let s(m) be the first derivative of -m**3/3 + 5*m**2/2 + 3*m - 299. Let i = 385 + -378. Calculate s(i).
-11
Let j(g) = g**3 + 11*g**2 + 13. Let q be j(-11). Let d(v) = 9418 + 3*v - 9436 - 2*v + 0*v. Give d(q).
-5
Let s = -90 + 92. Let r(c) = -170*c**2 + 338*c**2 - 169*c**2 - 7*c - s. Give r(-5).
8
Suppose 19*g = 14*g + 200. Let u(h) = -46 - h**2 + 19 + 7*h + g. Give u(9).
-5
Let k(p) = -19*p - 19. Suppose -7966 = t - 7961. What is k(t)?
76
Let a(o) = -4*o**2 + 11*o - 51. Let d(r) = 6*r**2 - 18*r + 80. Let i(h) = 8*a(h) + 5*d(h). Give i(0).
-8
Let o(h) = -5*h**3 - 3*h**2 - 6*h + 18. Let v be o(3). Let t be (-4)/18 - 846/v. Let g(i) be the first derivative of i**3/3 - 7*i**2/2 + 4*i + 1. What is g(t)?
-6
Let q = 76 + -69. Let g(f) be the third derivative of -f**7/5040 + f**6/80 - 2*f**5/15 - 16*f**2. Let x(v) be the third derivative of g(v). Determine x(q).
2
Let u(v) = -20 - v - 6*v - 14*v - v**2 + 4*v + 2*v. What is u(-12)?
16
Let c(t) = -5*t**2 - 13*t - 1. Let g(d) = 13*d**2 + 45*d + 4. Let q(w) = 14*c(w) + 4*g(w). Calculate q(1).
-18
Let k(n) = n**3 + 7*n**2 + 10*n + 52. Let w = 13868 - 13875. Determine k(w).
-18
Let z(x) = 2*x + 7. Let v be z(-5). Let r(c) = 16*c**3 + 5*c**2 - 22*c + 3. Let u(f) = -23*f**3 - 7*f**2 + 32*f - 4. Let b(n) = 13*r(n) + 9*u(n). What is b(v)?
-12
Let y = 3773 + -3779. Let l(n) = -n**2 - 26*n - 123. What is l(y)?
-3
Let f(l) = -3 + 2 - 133*l**3 + 16*l**3 + 77*l**3. Determine f(-1).
39
Let o be -7 + 7 + (-12)/(0 + 3). Let v(k) = 13*k**2 - 12*k**2 + k - k. What is v(o)?
16
Let n(x) = 9*x - 128. Let f be n(29). Suppose -127*q - 30 = -f*q. Let b(w) = w**2 - 4*w + 7. Calculate b(q).
12
Let u(o) = -o**2 + 3*o + 9. Let z be u(3). Let v(r) = z + 6*r**2 - 9*r - r**3 - 3 + 2*r**2 - 1. Give v(7).
-9
Suppose 27 = 5*x + 3*b, -x = 234*b - 237*b - 9. Let h(k) be the second derivative of -k**4/6 + 2*k**3 + 5*k**2/2 - 2*k. Determine h(x).
5
Let v(y) be the first derivative of y**5/20 + 7*y**4/6 - 8*y**3/3 - 7*y**2 - 108*y - 114. Let m(d) be the first derivative of v(d). Calculate m(-15).
1
Suppose 8 = 2*o - 0. Let c(w) be the second derivative of -1/2*w**3 + 5/2*w**2 + 1/4*w**4 + 2*w + 32 - 1/20*w**5. What is c(o)?
-23
Let w(q) be the third derivative of q**6/360 - 11*q**5/120 - 11*q**4/4 - 3*q**2 + 29. Let t(l) be the second derivative of w(l). What is t(11)?
11
Suppose -8*i + 1630 = -810. Suppose -2*y + i = 5*h, 4*h - y = 7*h - 184. Let z(x) = -64*x + 3 + h*x + 0. Calculate z(0).
3
Let z(x) = -x**2 + 3*x - 2. Suppose -38 = y - 3*y. Suppose 205 = 2*a + 199. Suppose -o - 1 = u, u - a*o = -0*o + y. Give z(u).
-6
Suppos